 highest common factor of 60841653 and 37?
37
Calculate the greatest common factor of 1034028 and 1236.
12
What is the highest common divisor of 286711194 and 66?
66
What is the highest common divisor of 47 and 12967300?
47
Calculate the greatest common divisor of 14642558 and 895.
179
What is the highest common divisor of 44017 and 71?
1
What is the highest common divisor of 21384 and 41199048?
792
What is the greatest common divisor of 647234 and 1411?
83
Calculate the highest common divisor of 1561295 and 143960.
305
Calculate the greatest common divisor of 14301624 and 51.
51
What is the greatest common divisor of 2463280 and 360390?
410
What is the greatest common factor of 438769552 and 416?
208
Calculate the highest common factor of 158441 and 14257.
269
What is the highest common divisor of 12683 and 52019?
11
Calculate the greatest common factor of 2634740 and 3708.
412
What is the highest common divisor of 33804 and 59331654?
5634
What is the greatest common divisor of 361527 and 3552?
111
What is the greatest common factor of 170775 and 1287?
99
Calculate the greatest common divisor of 27277300 and 5330.
410
What is the greatest common factor of 1091 and 793105723?
1091
What is the greatest common divisor of 5753636 and 1484?
28
Calculate the highest common factor of 62982 and 10866.
6
What is the highest common divisor of 5408878 and 9910?
1982
Calculate the greatest common factor of 1159 and 3073117.
19
Calculate the greatest common factor of 18 and 2476746.
18
Calculate the highest common factor of 3856926 and 306.
102
What is the greatest common factor of 4046736 and 20?
4
What is the greatest common divisor of 5300 and 30627004?
212
Calculate the greatest common divisor of 157599 and 7471809.
4041
What is the highest common factor of 35022 and 512758?
898
Calculate the highest common divisor of 1202 and 377219453.
601
What is the greatest common divisor of 2385 and 19909821?
159
Calculate the highest common factor of 887854150 and 50.
50
What is the highest common factor of 355293762 and 4474?
4474
What is the greatest common factor of 338753562 and 3444?
1722
Calculate the greatest common factor of 156328403 and 847.
77
Calculate the highest common factor of 13379 and 142664.
17
What is the greatest common factor of 117 and 4853433?
39
Calculate the highest common divisor of 3314191 and 16409.
61
Calculate the highest common divisor of 122058855 and 90.
45
Calculate the highest common divisor of 13416 and 13776856.
344
What is the highest common factor of 306 and 6175369?
17
Calculate the greatest common factor of 30362 and 4262954.
646
Calculate the greatest common divisor of 2534 and 22761655.
1267
What is the highest common factor of 24795 and 7339465?
145
What is the greatest common divisor of 5858572 and 38827?
41
Calculate the highest common factor of 44749152 and 30240.
6048
What is the highest common divisor of 40088 and 33908?
4
Calculate the highest common divisor of 62748 and 99092.
28
What is the highest common factor of 184608 and 71584?
32
What is the greatest common factor of 24435 and 282393?
27
What is the greatest common factor of 12509 and 8236283?
1787
Calculate the highest common factor of 108250 and 3547569.
433
Calculate the highest common divisor of 1699342 and 166.
166
What is the highest common divisor of 106610 and 54428974?
3046
Calculate the highest common divisor of 559117014 and 18.
6
Calculate the highest common divisor of 12240 and 147661320.
2040
What is the highest common divisor of 464 and 255344?
16
What is the greatest common factor of 1032910677 and 3708?
927
What is the highest common factor of 25566597 and 3015?
603
Calculate the greatest common factor of 16487257 and 31.
31
What is the highest common factor of 320 and 88063520?
160
What is the highest common factor of 64 and 24619664?
16
Calculate the greatest common divisor of 107863 and 77093660.
5677
What is the highest common divisor of 20 and 176823200?
20
What is the greatest common factor of 4869 and 1386009?
9
What is the highest common factor of 106 and 8532311?
53
Calculate the highest common factor of 39 and 12637729.
13
Calculate the highest common factor of 97153 and 14.
7
What is the greatest common factor of 8660 and 3970?
10
What is the greatest common divisor of 80 and 3090340?
20
What is the greatest common factor of 98149062 and 198?
66
Calculate the highest common factor of 133413079 and 38.
19
Calculate the highest common divisor of 14 and 52884881.
7
Calculate the greatest common divisor of 12903025 and 600.
25
What is the greatest common factor of 54048880 and 160?
80
Calculate the greatest common divisor of 397235 and 34634395.
7495
What is the highest common factor of 488 and 5904617?
61
What is the greatest common divisor of 337 and 268564399?
337
What is the highest common divisor of 141928860 and 32775?
6555
What is the highest common factor of 13622422 and 1866?
622
What is the highest common divisor of 6620 and 25640915?
1655
Calculate the highest common divisor of 31512 and 881124.
1212
Calculate the greatest common factor of 10146188 and 1394.
82
Calculate the highest common divisor of 3059 and 687415421.
3059
Calculate the highest common divisor of 10857705 and 2820.
705
What is the greatest common factor of 2992682 and 11242?
154
What is the highest common factor of 44468 and 412?
4
What is the greatest common factor of 42636 and 52275?
51
Calculate the highest common factor of 72 and 3036896.
8
Calculate the highest common divisor of 58654545 and 30.
15
Calculate the highest common divisor of 24 and 12470632.
8
Calculate the greatest common divisor of 26638 and 2037106.
1402
What is the highest common divisor of 13413793 and 15965?
3193
Calculate the greatest common factor of 80984 and 2156008.
1528
Calculate the highest common divisor of 3995685 and 180.
45
What is the highest common factor of 1240200600 and 600?
600
Calculate the highest common factor of 177425 and 30368063.
7097
What is the greatest common divisor of 67782012 and 2484?
276
What is the highest common factor of 21148320 and 144?
48
What is the greatest common factor of 10956 and 2776906?
22
What is the greatest common divisor of 11618 and 4130458?
74
Calculate the highest common divisor of 2132775 and 46125.
225
Calculate the highest common factor of 711728 and 1400.
8
What is the greatest common divisor of 56189 and 6693?
23
Calculate the highest common factor of 694668450 and 85.
85
Calculate the greatest common factor of 56 and 25439358.
14
Calculate the greatest common divisor of 177724773 and 81.
81
Calculate the highest common factor of 29184 and 1715586.
114
Calculate the highest common divisor of 984852 and 125004.
132
Calculate the highest common divisor of 6837 and 26774337.
129
What is the greatest common factor of 174 and 2826891?
87
What is the highest common factor of 2158794 and 720?
18
Calculate the greatest common divisor of 11670928 and 8.
8
What is the highest common divisor of 1057008 and 8235?
183
Calculate the greatest common divisor of 620 and 4195912.
124
Calculate the greatest common factor of 18634 and 18880477.
847
Calculate the greatest common divisor of 79624712 and 184.
184
What is the greatest common divisor of 2880 and 19591680?
960
What is the greatest common factor of 3060828 and 1944?
972
Calculate the greatest common divisor of 12337 and 18133273.
73
Calculate the highest common factor of 171142020 and 1680.
420
What is the greatest common factor of 2838 and 52138446?
258
Calculate the highest common factor of 3705 and 28443.
57
Calculate the greatest common factor of 440343547 and 245.
49
Calculate the greatest common factor of 27984 and 7141926.
66
Calculate the greatest common divisor of 1463 and 287441.
77
What is the highest common factor of 53994303 and 137?
137
Calculate the highest common factor of 2771 and 351033.
17
Calculate the greatest common divisor of 4598 and 58444.
38
Calculate the highest common factor of 12804 and 89003708.
388
What is the highest common divisor of 6156 and 598671?
1539
What is the greatest common factor of 17607941 and 10816?
169
Calculate the greatest common divisor of 281220 and 104404.
172
Calculate the highest common factor of 129936462 and 738.
246
Cal